s divided by 277?
2
What is the remainder when 19683 is divided by 31?
29
Calculate the remainder when 907852 is divided by 2013.
2002
Calculate the remainder when 14004 is divided by 3491.
40
Calculate the remainder when 38218 is divided by 93.
88
Calculate the remainder when 18158 is divided by 6038.
44
Calculate the remainder when 4009 is divided by 400.
9
What is the remainder when 7667 is divided by 1270?
47
What is the remainder when 3479 is divided by 366?
185
Calculate the remainder when 8885 is divided by 234.
227
Calculate the remainder when 223896 is divided by 1272.
24
Calculate the remainder when 95017 is divided by 19000.
17
Calculate the remainder when 3951 is divided by 25.
1
What is the remainder when 416510 is divided by 81?
8
Calculate the remainder when 4148649 is divided by 95.
94
Calculate the remainder when 58959 is divided by 99.
54
What is the remainder when 432388 is divided by 10?
8
Calculate the remainder when 72505 is divided by 4027.
19
What is the remainder when 8189 is divided by 10?
9
Calculate the remainder when 674136 is divided by 499.
486
Calculate the remainder when 16782 is divided by 16.
14
What is the remainder when 32243 is divided by 8049?
47
What is the remainder when 760711 is divided by 18?
13
Calculate the remainder when 1976 is divided by 33.
29
Calculate the remainder when 313672 is divided by 69.
67
What is the remainder when 501943 is divided by 109?
107
What is the remainder when 74474 is divided by 392?
386
What is the remainder when 70841 is divided by 19?
9
Calculate the remainder when 647166 is divided by 92452.
2
Calculate the remainder when 813950 is divided by 8.
6
What is the remainder when 21532 is divided by 2152?
12
What is the remainder when 141094 is divided by 14109?
4
Calculate the remainder when 502807 is divided by 12.
7
What is the remainder when 405779 is divided by 274?
259
Calculate the remainder when 11751 is divided by 591.
522
Calculate the remainder when 222444 is divided by 148.
0
What is the remainder when 8482 is divided by 7?
5
Calculate the remainder when 65739 is divided by 699.
33
Calculate the remainder when 45852 is divided by 484.
356
What is the remainder when 285918 is divided by 95272?
102
Calculate the remainder when 3663 is divided by 3396.
267
Calculate the remainder when 52209 is divided by 10.
9
What is the remainder when 540319 is divided by 2339?
10
Calculate the remainder when 627 is divided by 500.
127
Calculate the remainder when 187021 is divided by 93.
91
What is the remainder when 598261 is divided by 34?
31
Calculate the remainder when 221615 is divided by 54.
53
What is the remainder when 67506 is divided by 131?
41
What is the remainder when 14870 is divided by 3690?
110
What is the remainder when 190271 is divided by 16?
15
Calculate the remainder when 1382 is divided by 605.
172
Calculate the remainder when 19211 is divided by 47.
35
What is the remainder when 658722 is divided by 109782?
30
Calculate the remainder when 12721 is divided by 121.
16
What is the remainder when 118624 is divided by 163?
123
Calculate the remainder when 7946 is divided by 148.
102
What is the remainder when 218392 is divided by 52?
44
Calculate the remainder when 7466 is divided by 309.
50
What is the remainder when 40502 is divided by 425?
127
What is the remainder when 19826728 is divided by 10?
8
Calculate the remainder when 1452 is divided by 770.
682
What is the remainder when 3374 is divided by 75?
74
What is the remainder when 8684 is divided by 106?
98
Calculate the remainder when 34414 is divided by 588.
310
Calculate the remainder when 4048 is divided by 808.
8
Calculate the remainder when 482893 is divided by 189.
187
What is the remainder when 2988 is divided by 987?
27
Calculate the remainder when 35190 is divided by 1619.
1191
Calculate the remainder when 3969152 is divided by 276.
272
Calculate the remainder when 532223 is divided by 11.
10
Calculate the remainder when 2262988 is divided by 241.
239
Calculate the remainder when 534 is divided by 99.
39
What is the remainder when 38411 is divided by 753?
8
Calculate the remainder when 1164 is divided by 118.
102
Calculate the remainder when 2168763 is divided by 233.
232
What is the remainder when 3884 is divided by 304?
236
Calculate the remainder when 1890062 is divided by 16.
14
What is the remainder when 6414 is divided by 461?
421
What is the remainder when 43616 is divided by 10903?
4
Calculate the remainder when 9364 is divided by 2614.
1522
Calculate the remainder when 313311 is divided by 74.
69
Calculate the remainder when 2908 is divided by 69.
10
Calculate the remainder when 25250 is divided by 855.
455
Calculate the remainder when 21072 is divided by 55.
7
Calculate the remainder when 232750 is divided by 2873.
37
What is the remainder when 121192 is divided by 7?
1
What is the remainder when 13760 is divided by 3434?
24
Calculate the remainder when 596 is divided by 77.
57
Calculate the remainder when 8008 is divided by 1137.
49
What is the remainder when 44492 is divided by 125?
117
What is the remainder when 73115 is divided by 91?
42
What is the remainder when 928 is divided by 34?
10
What is the remainder when 655 is divided by 17?
9
Calculate the remainder when 978 is divided by 302.
72
Calculate the remainder when 3570 is divided by 133.
112
Calculate the remainder when 6655 is divided by 455.
285
Calculate the remainder when 446 is divided by 141.
23
Calculate the remainder when 78352 is divided by 66.
10
What is the remainder when 113427 is divided by 56710?
7
Calculate the remainder when 6082859 is divided by 420.
419
Calculate the remainder when 31978 is divided by 50.
28
What is the remainder when 747 is divided by 160?
107
Calculate the remainder when 4453 is divided by 97.
88
What is the remainder when 265154 is divided by 184?
10
Calculate the remainder when 135864 is divided by 343.
36
Calculate the remainder when 1472364 is divided by 19.
16
What is the remainder when 787134 is divided by 112?
110
What is the remainder when 2997816 is divided by 107?
104
Calculate the remainder when 60181 is divided by 415.
6
Calculate the remainder when 8554 is divided by 8352.
202
What is the remainder when 27441 is divided by 2283?
45
Calculate the remainder when 51793 is divided by 111.
67
Calculate the remainder when 110657 is divided by 3457.
33
Calculate the remainder when 1583 is divided by 522.
17
Calculate the remainder when 171913 is divided by 10744.
9
What is the remainder when 745 is divided by 372?
1
Calculate the remainder when 63235 is divided by 15771.
151
Calculate the remainder when 426 is divided by 279.
147
Calculate the remainder when 32078 is divided by 162.
2
Calculate the remainder when 8255 is divided by 162.
155
Calculate the remainder when 36281 is divided by 907.
1
Calculate the remainder when 8372 is divided by 24.
20
Calculate the remainder when 17103 is divided by 5701.
0
What is the remainder when 87013 is divided by 8?
5
Calculate the remainder when 22193 is divided by 258.
5
Calculate the remainder when 13059 is divided by 421.
8
What is the remainder when 55902 is divided by 3102?
66
Calculate the remainder when 4247 is divided by 861.
803
Calculate the remainder when 4412 is divided by 193.
166
Calculate the remainder when 26493 is divided by 8830.
3
Calculate the remainder when 16740 is divided by 182.
178
Calculate the remainder when 163465 is divided by 13622.
1
What is the remainder when 927 is divided by 32?
31
Calculate the remainder when 8990 is divided by 253.
135
Calculate the remainder when 35024 is divided by 467.
466
What is the remainder when 2904 is divided by 264?
0
What is the remainder when 10932 is divided by 154?
152
Calculate the remainder when 48587 is divided by 1567.
10
Calculate the remainder when 48373 is divided by 51.
25
What is the remainder when 32943 is divided by 1827?
57
Calculate the remainder when 105785 is divided by 497.
421
Calculate the remainder when 121956 is divided by 11.
10
Calculate the remainder when 165183 is divided by 80.
63
What is the remainder when 698001 is divided by 134?
129
What is the remainder when 18111 is divided by 2262?
15
Calculate the remainder when 103102 is divided by 25775.
2